{"id":90779,"date":"2022-06-08T22:24:30","date_gmt":"2022-06-08T20:24:30","guid":{"rendered":"https:\/\/deseopatisserie.com\/produkt\/torte-zum-2-geburtstag-beige\/"},"modified":"2025-04-02T15:46:48","modified_gmt":"2025-04-02T13:46:48","slug":"torte-zum-2-geburtstag-beige","status":"publish","type":"product","link":"https:\/\/deseopatisserie.com\/de\/produkt\/torte-zum-2-geburtstag-beige\/","title":{"rendered":"Torte zum 2. Geburtstag &#8211; Beige"},"content":{"rendered":"","protected":false},"excerpt":{"rendered":"<p>Eine zarte Farbe von Kaffee mit Milch und ein Teddyb\u00e4r, der zwischen Wolken und Sternen schl\u00e4ft. Eine fabelhafte Dekoration f\u00fcr einen zweiten Geburtstag.  Perfekt f\u00fcr Babys, die noch nicht ihre Lieblingsfiguren, Motive oder M\u00e4rchen haben, aber nat\u00fcrlich niedliche Teddyb\u00e4ren lieben. Sie k\u00f6nnen Ihre Lieblingsgeschmacksrichtung f\u00fcr die Dekoration ausw\u00e4hlen. F\u00fcr Kindergeburtstage empfehlen wir besonders Lorena, Bella und Fresamore. <\/p>\n<p>&nbsp;<\/p>\n<p><strong>Alle verf\u00fcgbaren Geschmacksrichtungen f\u00fcr die Torte zum 2. Geburtstag findet ihr unten:<\/strong><\/p>\n<p>&nbsp;<\/p>\n<p><strong>Lorena<\/strong> \u2013 Bourbon-Mousse mit Vanille aus Madagaskar \/ Rotes Fruchtgelee \u2013 Erdbeere, Kirsche, Himbeere \/ Vanille-Namelaka-Creme \/ Vanille-Crisp \/ Vanille-Biskuitkuchen \/ Chantilly-Creme<br \/>\n<strong>Opera<\/strong> \u2013 Kaffeemousse \/ Schokoladenbohne \u2013 bis \u2013 Dominikana Zartbittermilchriegel 52% \/ Namelaka-Creme auf Basis von Karamellschokolade \/ knusprig knusprig knusprig mit Kaffeepraline \/ Joconde-Biskuit in Kaffeesirup getr\u00e4nkt mit Chopin-Lik\u00f6r<br \/>\n<strong>Nocciola<\/strong> \u2013 Haselnussmousse \/ Namelaka-Creme mit Haselnussgeschmack \/ Haselnuss-Praline \/ Karamellcreme \/ Haselnuss-Milchschokoladen-Crisp \/ Haselnuss-Biskuitkuchen<br \/>\n<strong>Fresamore<\/strong> \u2013 Chantilly-Mousse mit Bourbon-Vanille aus Madagaskar \/ wei\u00dfe Schokoladenchips mit Mandelbl\u00e4ttchen und gefriergetrockneten Erdbeeren \/ Spinat-Biskuitkuchen mit Orangenschale \/ Gelee mit ganzen Erdbeeren<br \/>\n<strong>Nicaragua<\/strong> \u2013 trockene Schokoladenganache Nicaragua 70% \/ Karamell und trockene Schokoladenganache Nicaragua 70% \/ trockene Schokoladenmousse Nicaragua 70% \/ Moelleux-Kuchen auf Basis von trockener Schokolade Nicaragua 70% \/ knusprig mit Nibs<br \/>\n<strong>Bella<\/strong> \u2013 Himbeermousse \/ Himbeermarmelade mit Bergamotte \/ Mini-Vanille-K\u00e4sekuchen \/ zarter Joconde-Biskuitkuchen mit Limette<br \/>\n<strong>Azia 2.0<\/strong> \u2013 wei\u00dfe Schokoladenmousse mit Ingwer und Kaffirlimettenbl\u00e4ttern \/ fl\u00fcssiges Inneres auf der Basis von Passionsfrucht, Mango und Calamansi mit frischen Ananasst\u00fccken \/ Kokosnuss-Biskuitkuchen \/ M\u00fcrbeteig mit ger\u00f6steter wei\u00dfer Schokolade<strong>Pistazien<br \/>\n<\/strong> \u2013 Pistazienmousse \/ Pistazien-Namelaka \/ Pistazienenpraline \/ knusprige Pistazien knusprig knusprig \/ Pistazien-Biskuitkuchen<\/p>\n<p>&nbsp;<\/p>\n<p>Die Dekoration zum 2. Geburtstag ist auch in den Farben <strong>BLAU<\/strong> und <strong>PINK<\/strong> erh\u00e4ltlich. W\u00e4hlen Sie das perfekte f\u00fcr Sie! <\/p>\n","protected":false},"featured_media":83553,"template":"","meta":{"_acf_changed":false},"product_brand":[],"product_cat":[2622,2612],"product_tag":[],"class_list":{"0":"post-90779","1":"product","2":"type-product","3":"status-publish","4":"has-post-thumbnail","6":"product_cat-geburtstagskuchen","7":"product_cat-kuchen","9":"first","10":"instock","11":"taxable","12":"shipping-taxable","13":"purchasable","14":"product-type-variable"},"acf":[],"yoast_head":"<!-- This site is optimized with the Yoast SEO plugin v27.5 - https:\/\/yoast.com\/product\/yoast-seo-wordpress\/ -->\n<title>Torte zum 2. Geburtstag - DESEO Confectionery Warsaw<\/title>\n<meta name=\"description\" content=\"Perfekt f\u00fcr Babys, die noch nicht ihre Lieblingsfiguren, Motive oder M\u00e4rchen haben, aber nat\u00fcrlich niedliche Teddyb\u00e4ren lieben.\" \/>\n<meta name=\"robots\" content=\"index, follow, max-snippet:-1, max-image-preview:large, max-video-preview:-1\" \/>\n<link rel=\"canonical\" href=\"https:\/\/deseopatisserie.com\/de\/produkt\/torte-zum-2-geburtstag-beige\/\" \/>\n<meta property=\"og:locale\" content=\"de_DE\" \/>\n<meta property=\"og:type\" content=\"article\" \/>\n<meta property=\"og:title\" content=\"Torte zum 2. Geburtstag - Beige\" \/>\n<meta property=\"og:description\" content=\"Perfekt f\u00fcr Babys, die noch nicht ihre Lieblingsfiguren, Motive oder M\u00e4rchen haben, aber nat\u00fcrlich niedliche Teddyb\u00e4ren lieben.\" \/>\n<meta property=\"og:url\" content=\"https:\/\/deseopatisserie.com\/de\/produkt\/torte-zum-2-geburtstag-beige\/\" \/>\n<meta property=\"og:site_name\" content=\"DESEO\" \/>\n<meta property=\"article:modified_time\" content=\"2025-04-02T13:46:48+00:00\" \/>\n<meta property=\"og:image\" content=\"https:\/\/deseopatisserie.com\/wp-content\/uploads\/2022\/06\/tort-na-2-urodziny_bez_2-1024x683.jpg\" \/>\n<meta name=\"twitter:card\" content=\"summary_large_image\" \/>\n<script type=\"application\/ld+json\" class=\"yoast-schema-graph\">{\"@context\":\"https:\\\/\\\/schema.org\",\"@graph\":[{\"@type\":\"WebPage\",\"@id\":\"https:\\\/\\\/deseopatisserie.com\\\/de\\\/produkt\\\/torte-zum-2-geburtstag-beige\\\/\",\"url\":\"https:\\\/\\\/deseopatisserie.com\\\/de\\\/produkt\\\/torte-zum-2-geburtstag-beige\\\/\",\"name\":\"Torte zum 2. Geburtstag - DESEO Confectionery Warsaw\",\"isPartOf\":{\"@id\":\"https:\\\/\\\/deseopatisserie.com\\\/de\\\/#website\"},\"primaryImageOfPage\":{\"@id\":\"https:\\\/\\\/deseopatisserie.com\\\/de\\\/produkt\\\/torte-zum-2-geburtstag-beige\\\/#primaryimage\"},\"image\":{\"@id\":\"https:\\\/\\\/deseopatisserie.com\\\/de\\\/produkt\\\/torte-zum-2-geburtstag-beige\\\/#primaryimage\"},\"thumbnailUrl\":\"https:\\\/\\\/deseopatisserie.com\\\/\\\/wp-content\\\/uploads\\\/2022\\\/06\\\/tort-na-2-URODZINY_bez_1.jpg\",\"datePublished\":\"2022-06-08T20:24:30+00:00\",\"dateModified\":\"2025-04-02T13:46:48+00:00\",\"description\":\"Perfekt f\u00fcr Babys, die noch nicht ihre Lieblingsfiguren, Motive oder M\u00e4rchen haben, aber nat\u00fcrlich niedliche Teddyb\u00e4ren lieben.\",\"breadcrumb\":{\"@id\":\"https:\\\/\\\/deseopatisserie.com\\\/de\\\/produkt\\\/torte-zum-2-geburtstag-beige\\\/#breadcrumb\"},\"inLanguage\":\"de\",\"potentialAction\":[{\"@type\":\"ReadAction\",\"target\":[\"https:\\\/\\\/deseopatisserie.com\\\/de\\\/produkt\\\/torte-zum-2-geburtstag-beige\\\/\"]}]},{\"@type\":\"ImageObject\",\"inLanguage\":\"de\",\"@id\":\"https:\\\/\\\/deseopatisserie.com\\\/de\\\/produkt\\\/torte-zum-2-geburtstag-beige\\\/#primaryimage\",\"url\":\"https:\\\/\\\/deseopatisserie.com\\\/\\\/wp-content\\\/uploads\\\/2022\\\/06\\\/tort-na-2-URODZINY_bez_1.jpg\",\"contentUrl\":\"https:\\\/\\\/deseopatisserie.com\\\/\\\/wp-content\\\/uploads\\\/2022\\\/06\\\/tort-na-2-URODZINY_bez_1.jpg\",\"width\":1250,\"height\":834},{\"@type\":\"BreadcrumbList\",\"@id\":\"https:\\\/\\\/deseopatisserie.com\\\/de\\\/produkt\\\/torte-zum-2-geburtstag-beige\\\/#breadcrumb\",\"itemListElement\":[{\"@type\":\"ListItem\",\"position\":1,\"name\":\"Strona g\u0142\u00f3wna\",\"item\":\"https:\\\/\\\/deseopatisserie.com\\\/de\\\/homepage\\\/\"},{\"@type\":\"ListItem\",\"position\":2,\"name\":\"Torte zum 2. Geburtstag &#8211; Beige\"}]},{\"@type\":\"WebSite\",\"@id\":\"https:\\\/\\\/deseopatisserie.com\\\/de\\\/#website\",\"url\":\"https:\\\/\\\/deseopatisserie.com\\\/de\\\/\",\"name\":\"DESEO\",\"description\":\"Patisserie &amp; Chocolaterie\",\"potentialAction\":[{\"@type\":\"SearchAction\",\"target\":{\"@type\":\"EntryPoint\",\"urlTemplate\":\"https:\\\/\\\/deseopatisserie.com\\\/de\\\/?s={search_term_string}\"},\"query-input\":{\"@type\":\"PropertyValueSpecification\",\"valueRequired\":true,\"valueName\":\"search_term_string\"}}],\"inLanguage\":\"de\"}]}<\/script>\n<!-- \/ Yoast SEO plugin. -->","yoast_head_json":{"title":"Torte zum 2. Geburtstag - DESEO Confectionery Warsaw","description":"Perfekt f\u00fcr Babys, die noch nicht ihre Lieblingsfiguren, Motive oder M\u00e4rchen haben, aber nat\u00fcrlich niedliche Teddyb\u00e4ren lieben.","robots":{"index":"index","follow":"follow","max-snippet":"max-snippet:-1","max-image-preview":"max-image-preview:large","max-video-preview":"max-video-preview:-1"},"canonical":"https:\/\/deseopatisserie.com\/de\/produkt\/torte-zum-2-geburtstag-beige\/","og_locale":"de_DE","og_type":"article","og_title":"Torte zum 2. Geburtstag - Beige","og_description":"Perfekt f\u00fcr Babys, die noch nicht ihre Lieblingsfiguren, Motive oder M\u00e4rchen haben, aber nat\u00fcrlich niedliche Teddyb\u00e4ren lieben.","og_url":"https:\/\/deseopatisserie.com\/de\/produkt\/torte-zum-2-geburtstag-beige\/","og_site_name":"DESEO","article_modified_time":"2025-04-02T13:46:48+00:00","og_image":[{"url":"https:\/\/deseopatisserie.com\/wp-content\/uploads\/2022\/06\/tort-na-2-urodziny_bez_2-1024x683.jpg","type":"","width":"","height":""}],"twitter_card":"summary_large_image","schema":{"@context":"https:\/\/schema.org","@graph":[{"@type":"WebPage","@id":"https:\/\/deseopatisserie.com\/de\/produkt\/torte-zum-2-geburtstag-beige\/","url":"https:\/\/deseopatisserie.com\/de\/produkt\/torte-zum-2-geburtstag-beige\/","name":"Torte zum 2. Geburtstag - DESEO Confectionery Warsaw","isPartOf":{"@id":"https:\/\/deseopatisserie.com\/de\/#website"},"primaryImageOfPage":{"@id":"https:\/\/deseopatisserie.com\/de\/produkt\/torte-zum-2-geburtstag-beige\/#primaryimage"},"image":{"@id":"https:\/\/deseopatisserie.com\/de\/produkt\/torte-zum-2-geburtstag-beige\/#primaryimage"},"thumbnailUrl":"https:\/\/deseopatisserie.com\/\/wp-content\/uploads\/2022\/06\/tort-na-2-URODZINY_bez_1.jpg","datePublished":"2022-06-08T20:24:30+00:00","dateModified":"2025-04-02T13:46:48+00:00","description":"Perfekt f\u00fcr Babys, die noch nicht ihre Lieblingsfiguren, Motive oder M\u00e4rchen haben, aber nat\u00fcrlich niedliche Teddyb\u00e4ren lieben.","breadcrumb":{"@id":"https:\/\/deseopatisserie.com\/de\/produkt\/torte-zum-2-geburtstag-beige\/#breadcrumb"},"inLanguage":"de","potentialAction":[{"@type":"ReadAction","target":["https:\/\/deseopatisserie.com\/de\/produkt\/torte-zum-2-geburtstag-beige\/"]}]},{"@type":"ImageObject","inLanguage":"de","@id":"https:\/\/deseopatisserie.com\/de\/produkt\/torte-zum-2-geburtstag-beige\/#primaryimage","url":"https:\/\/deseopatisserie.com\/\/wp-content\/uploads\/2022\/06\/tort-na-2-URODZINY_bez_1.jpg","contentUrl":"https:\/\/deseopatisserie.com\/\/wp-content\/uploads\/2022\/06\/tort-na-2-URODZINY_bez_1.jpg","width":1250,"height":834},{"@type":"BreadcrumbList","@id":"https:\/\/deseopatisserie.com\/de\/produkt\/torte-zum-2-geburtstag-beige\/#breadcrumb","itemListElement":[{"@type":"ListItem","position":1,"name":"Strona g\u0142\u00f3wna","item":"https:\/\/deseopatisserie.com\/de\/homepage\/"},{"@type":"ListItem","position":2,"name":"Torte zum 2. Geburtstag &#8211; Beige"}]},{"@type":"WebSite","@id":"https:\/\/deseopatisserie.com\/de\/#website","url":"https:\/\/deseopatisserie.com\/de\/","name":"DESEO","description":"Patisserie &amp; Chocolaterie","potentialAction":[{"@type":"SearchAction","target":{"@type":"EntryPoint","urlTemplate":"https:\/\/deseopatisserie.com\/de\/?s={search_term_string}"},"query-input":{"@type":"PropertyValueSpecification","valueRequired":true,"valueName":"search_term_string"}}],"inLanguage":"de"}]}},"_links":{"self":[{"href":"https:\/\/deseopatisserie.com\/de\/wp-json\/wp\/v2\/product\/90779","targetHints":{"allow":["GET"]}}],"collection":[{"href":"https:\/\/deseopatisserie.com\/de\/wp-json\/wp\/v2\/product"}],"about":[{"href":"https:\/\/deseopatisserie.com\/de\/wp-json\/wp\/v2\/types\/product"}],"wp:featuredmedia":[{"embeddable":true,"href":"https:\/\/deseopatisserie.com\/de\/wp-json\/wp\/v2\/media\/83553"}],"wp:attachment":[{"href":"https:\/\/deseopatisserie.com\/de\/wp-json\/wp\/v2\/media?parent=90779"}],"wp:term":[{"taxonomy":"product_brand","embeddable":true,"href":"https:\/\/deseopatisserie.com\/de\/wp-json\/wp\/v2\/product_brand?post=90779"},{"taxonomy":"product_cat","embeddable":true,"href":"https:\/\/deseopatisserie.com\/de\/wp-json\/wp\/v2\/product_cat?post=90779"},{"taxonomy":"product_tag","embeddable":true,"href":"https:\/\/deseopatisserie.com\/de\/wp-json\/wp\/v2\/product_tag?post=90779"}],"curies":[{"name":"wp","href":"https:\/\/api.w.org\/{rel}","templated":true}]}}

<p>Eine zarte Farbe von Kaffee mit Milch und ein Teddybär, der zwischen Wolken und Sternen schläft. Eine fabelhafte Dekoration für einen zweiten Geburtstag.  Perfekt für Babys, die noch nicht ihre Lieblingsfiguren, Motive oder Märchen haben, aber natürlich niedliche Teddybären lieben. Sie können Ihre Lieblingsgeschmacksrichtung für die Dekoration auswählen. Für Kindergeburtstage empfehlen wir besonders Lorena, Bella und Fresamore. </p>
<p>&nbsp;</p>
<p><strong>Alle verfügbaren Geschmacksrichtungen für die Torte zum 2. Geburtstag findet ihr unten:</strong></p>
<p>&nbsp;</p>
<p><strong>Lorena</strong> – Bourbon-Mousse mit Vanille aus Madagaskar / Rotes Fruchtgelee – Erdbeere, Kirsche, Himbeere / Vanille-Namelaka-Creme / Vanille-Crisp / Vanille-Biskuitkuchen / Chantilly-Creme<br />
<strong>Opera</strong> – Kaffeemousse / Schokoladenbohne – bis – Dominikana Zartbittermilchriegel 52% / Namelaka-Creme auf Basis von Karamellschokolade / knusprig knusprig knusprig mit Kaffeepraline / Joconde-Biskuit in Kaffeesirup getränkt mit Chopin-Likör<br />
<strong>Nocciola</strong> – Haselnussmousse / Namelaka-Creme mit Haselnussgeschmack / Haselnuss-Praline / Karamellcreme / Haselnuss-Milchschokoladen-Crisp / Haselnuss-Biskuitkuchen<br />
<strong>Fresamore</strong> – Chantilly-Mousse mit Bourbon-Vanille aus Madagaskar / weiße Schokoladenchips mit Mandelblättchen und gefriergetrockneten Erdbeeren / Spinat-Biskuitkuchen mit Orangenschale / Gelee mit ganzen Erdbeeren<br />
<strong>Nicaragua</strong> – trockene Schokoladenganache Nicaragua 70% / Karamell und trockene Schokoladenganache Nicaragua 70% / trockene Schokoladenmousse Nicaragua 70% / Moelleux-Kuchen auf Basis von trockener Schokolade Nicaragua 70% / knusprig mit Nibs<br />
<strong>Bella</strong> – Himbeermousse / Himbeermarmelade mit Bergamotte / Mini-Vanille-Käsekuchen / zarter Joconde-Biskuitkuchen mit Limette<br />
<strong>Azia 2.0</strong> – weiße Schokoladenmousse mit Ingwer und Kaffirlimettenblättern / flüssiges Inneres auf der Basis von Passionsfrucht, Mango und Calamansi mit frischen Ananasstücken / Kokosnuss-Biskuitkuchen / Mürbeteig mit gerösteter weißer Schokolade<strong>Pistazien<br />
</strong> – Pistazienmousse / Pistazien-Namelaka / Pistazienenpraline / knusprige Pistazien knusprig knusprig / Pistazien-Biskuitkuchen</p>
<p>&nbsp;</p>
<p>Die Dekoration zum 2. Geburtstag ist auch in den Farben <strong>BLAU</strong> und <strong>PINK</strong> erhältlich. Wählen Sie das perfekte für Sie! </p>

<!-- This site is optimized with the Yoast SEO plugin v27.5 - https://yoast.com/product/yoast-seo-wordpress/ -->
<title>Torte zum 2. Geburtstag - DESEO Confectionery Warsaw</title>
<meta name="description" content="Perfekt für Babys, die noch nicht ihre Lieblingsfiguren, Motive oder Märchen haben, aber natürlich niedliche Teddybären lieben." />
<meta name="robots" content="index, follow, max-snippet:-1, max-image-preview:large, max-video-preview:-1" />
<link rel="canonical" href="https://deseopatisserie.com/de/produkt/torte-zum-2-geburtstag-beige/" />
<meta property="og:locale" content="de_DE" />
<meta property="og:type" content="article" />
<meta property="og:title" content="Torte zum 2. Geburtstag - Beige" />
<meta property="og:description" content="Perfekt für Babys, die noch nicht ihre Lieblingsfiguren, Motive oder Märchen haben, aber natürlich niedliche Teddybären lieben." />
<meta property="og:url" content="https://deseopatisserie.com/de/produkt/torte-zum-2-geburtstag-beige/" />
<meta property="og:site_name" content="DESEO" />
<meta property="article:modified_time" content="2025-04-02T13:46:48+00:00" />
<meta property="og:image" content="https://deseopatisserie.com/wp-content/uploads/2022/06/tort-na-2-urodziny_bez_2-1024x683.jpg" />
<meta name="twitter:card" content="summary_large_image" />
<script type="application/ld+json" class="yoast-schema-graph">{"@context":"https:\/\/schema.org","@graph":[{"@type":"WebPage","@id":"https:\/\/deseopatisserie.com\/de\/produkt\/torte-zum-2-geburtstag-beige\/","url":"https:\/\/deseopatisserie.com\/de\/produkt\/torte-zum-2-geburtstag-beige\/","name":"Torte zum 2. Geburtstag - DESEO Confectionery Warsaw","isPartOf":{"@id":"https:\/\/deseopatisserie.com\/de\/#website"},"primaryImageOfPage":{"@id":"https:\/\/deseopatisserie.com\/de\/produkt\/torte-zum-2-geburtstag-beige\/#primaryimage"},"image":{"@id":"https:\/\/deseopatisserie.com\/de\/produkt\/torte-zum-2-geburtstag-beige\/#primaryimage"},"thumbnailUrl":"https:\/\/deseopatisserie.com\/\/wp-content\/uploads\/2022\/06\/tort-na-2-URODZINY_bez_1.jpg","datePublished":"2022-06-08T20:24:30+00:00","dateModified":"2025-04-02T13:46:48+00:00","description":"Perfekt für Babys, die noch nicht ihre Lieblingsfiguren, Motive oder Märchen haben, aber natürlich niedliche Teddybären lieben.","breadcrumb":{"@id":"https:\/\/deseopatisserie.com\/de\/produkt\/torte-zum-2-geburtstag-beige\/#breadcrumb"},"inLanguage":"de","potentialAction":[{"@type":"ReadAction","target":["https:\/\/deseopatisserie.com\/de\/produkt\/torte-zum-2-geburtstag-beige\/"]}]},{"@type":"ImageObject","inLanguage":"de","@id":"https:\/\/deseopatisserie.com\/de\/produkt\/torte-zum-2-geburtstag-beige\/#primaryimage","url":"https:\/\/deseopatisserie.com\/\/wp-content\/uploads\/2022\/06\/tort-na-2-URODZINY_bez_1.jpg","contentUrl":"https:\/\/deseopatisserie.com\/\/wp-content\/uploads\/2022\/06\/tort-na-2-URODZINY_bez_1.jpg","width":1250,"height":834},{"@type":"BreadcrumbList","@id":"https:\/\/deseopatisserie.com\/de\/produkt\/torte-zum-2-geburtstag-beige\/#breadcrumb","itemListElement":[{"@type":"ListItem","position":1,"name":"Strona główna","item":"https:\/\/deseopatisserie.com\/de\/homepage\/"},{"@type":"ListItem","position":2,"name":"Torte zum 2. Geburtstag &#8211; Beige"}]},{"@type":"WebSite","@id":"https:\/\/deseopatisserie.com\/de\/#website","url":"https:\/\/deseopatisserie.com\/de\/","name":"DESEO","description":"Patisserie &amp; Chocolaterie","potentialAction":[{"@type":"SearchAction","target":{"@type":"EntryPoint","urlTemplate":"https:\/\/deseopatisserie.com\/de\/?s={search_term_string}"},"query-input":{"@type":"PropertyValueSpecification","valueRequired":true,"valueName":"search_term_string"}}],"inLanguage":"de"}]}</script>
<!-- / Yoast SEO plugin. -->

Perfekt für Babys, die noch nicht ihre Lieblingsfiguren, Motive oder Märchen haben, aber natürlich niedliche Teddybären lieben.

Strona główna
